factors of 20050?
2, 5, 401
What are the prime factors of 5991?
3, 1997
List the prime factors of 230.
2, 5, 23
What are the prime factors of 61888?
2, 967
List the prime factors of 12423.
3, 41, 101
What are the prime factors of 144613?
7, 73, 283
What are the prime factors of 29?
29
List the prime factors of 2476.
2, 619
What are the prime factors of 26908?
2, 7, 31
List the prime factors of 671.
11, 61
What are the prime factors of 30755?
5, 6151
What are the prime factors of 196?
2, 7
What are the prime factors of 6148?
2, 29, 53
List the prime factors of 57027.
3, 19009
List the prime factors of 66169.
66169
List the prime factors of 45604.
2, 13, 877
List the prime factors of 47472.
2, 3, 23, 43
List the prime factors of 13955.
5, 2791
List the prime factors of 3799.
29, 131
List the prime factors of 689.
13, 53
List the prime factors of 3225.
3, 5, 43
List the prime factors of 5624.
2, 19, 37
List the prime factors of 217.
7, 31
What are the prime factors of 11147?
71, 157
What are the prime factors of 6875?
5, 11
List the prime factors of 136521.
3, 7, 11, 197
List the prime factors of 57.
3, 19
List the prime factors of 854.
2, 7, 61
List the prime factors of 53713.
11, 19, 257
List the prime factors of 757.
757
What are the prime factors of 191799?
3, 101, 211
List the prime factors of 2648.
2, 331
What are the prime factors of 21010?
2, 5, 11, 191
List the prime factors of 1274.
2, 7, 13
What are the prime factors of 2886?
2, 3, 13, 37
List the prime factors of 21680.
2, 5, 271
What are the prime factors of 2831?
19, 149
List the prime factors of 487.
487
List the prime factors of 1141.
7, 163
List the prime factors of 13731.
3, 23, 199
List the prime factors of 49124.
2, 12281
List the prime factors of 53943.
3, 17981
List the prime factors of 4395.
3, 5, 293
What are the prime factors of 96584?
2, 12073
List the prime factors of 715.
5, 11, 13
What are the prime factors of 1749?
3, 11, 53
List the prime factors of 751.
751
What are the prime factors of 18184?
2, 2273
List the prime factors of 15610.
2, 5, 7, 223
List the prime factors of 45780.
2, 3, 5, 7, 109
What are the prime factors of 19388?
2, 37, 131
What are the prime factors of 4877?
4877
List the prime factors of 79258.
2, 23, 1723
What are the prime factors of 6388?
2, 1597
List the prime factors of 1824.
2, 3, 19
List the prime factors of 35962.
2, 17981
List the prime factors of 3612.
2, 3, 7, 43
What are the prime factors of 578?
2, 17
What are the prime factors of 24660?
2, 3, 5, 137
What are the prime factors of 650?
2, 5, 13
What are the prime factors of 2516?
2, 17, 37
What are the prime factors of 31780?
2, 5, 7, 227
What are the prime factors of 9684?
2, 3, 269
What are the prime factors of 774?
2, 3, 43
What are the prime factors of 853?
853
What are the prime factors of 87793?
87793
List the prime factors of 81085.
5, 16217
List the prime factors of 83304.
2, 3, 13, 89
List the prime factors of 8871.
3, 2957
What are the prime factors of 887?
887
What are the prime factors of 7760?
2, 5, 97
What are the prime factors of 8752?
2, 547
What are the prime factors of 899?
29, 31
List the prime factors of 10454.
2, 5227
List the prime factors of 38893.
19, 23, 89
List the prime factors of 1530.
2, 3, 5, 17
What are the prime factors of 4889?
4889
What are the prime factors of 3465?
3, 5, 7, 11
What are the prime factors of 20493?
3, 11, 23
List the prime factors of 16.
2
List the prime factors of 11830.
2, 5, 7, 13
List the prime factors of 56333.
56333
What are the prime factors of 1215?
3, 5
List the prime factors of 474.
2, 3, 79
List the prime factors of 1486.
2, 743
List the prime factors of 333.
3, 37
List the prime factors of 18998.
2, 7, 23, 59
List the prime factors of 989.
23, 43
List the prime factors of 104352.
2, 3, 1087
What are the prime factors of 35221?
35221
What are the prime factors of 8578?
2, 4289
List the prime factors of 90171.
3, 43, 233
What are the prime factors of 218?
2, 109
What are the prime factors of 34400?
2, 5, 43
List the prime factors of 71214.
2, 3, 11, 13, 83
What are the prime factors of 5927?
5927
What are the prime factors of 8167?
8167
What are the prime factors of 1157?
13, 89
What are the prime factors of 11276?
2, 2819
List the prime factors of 43710.
2, 3, 5, 31, 47
List the prime factors of 150858.
2, 3, 17, 29
What are the prime factors of 35814?
2, 3, 47, 127
What are the prime factors of 1008?
2, 3, 7
What are the prime factors of 61653?
3, 20551
What are the prime factors of 59281?
59281
What are the prime factors of 26644?
2, 6661
List the prime factors of 1063.
1063
What are the prime factors of 1570?
2, 5, 157
List the prime factors of 17846.
2, 8923
List the prime factors of 2162.
2, 23, 47
What are the prime factors of 42402?
2, 3, 37, 191
List the prime factors of 2509.
13, 193
List the prime factors of 54462.
2, 3, 29, 313
List the prime factors of 28947.
3, 9649
What are the prime factors of 4989?
3, 1663
List the prime factors of 165116.
2, 7, 5897
What are the prime factors of 38901?
3, 12967
What are the prime factors of 1123?
1123
What are the prime factors of 17674?
2, 8837
List the prime factors of 151955.
5, 30391
List the prime factors of 457.
457
What are the prime factors of 15970?
2, 5, 1597
List the prime factors of 3270.
2, 3, 5, 109
What are the prime factors of 64265?
5, 12853
List the prime factors of 2688.
2, 3, 7
What are the prime factors of 53150?
2, 5, 1063
List the prime factors of 585.
3, 5, 13
What are the prime factors of 12650?
2, 5, 11, 23
List the prime factors of 167.
167
List the prime factors of 887.
887
List the prime factors of 135.
3, 5
List the prime factors of 75224.
2, 9403
What are the prime factors of 5145?
3, 5, 7
List the prime factors of 1238.
2, 619
What are the prime factors of 47909?
23, 2083
List the prime factors of 18465.
3, 5, 1231
List the prime factors of 1697.
1697
List the prime factors of 4827.
3, 1609
List the prime factors of 3064.
2, 383
What are the prime factors of 17958?
2, 3, 41, 73
List the prime factors of 2175.
3, 5, 29
List the prime factors of 10599.
3, 3533
List the prime factors of 1697.
1697
List the prime factors of 13676.
2, 13, 263
List the prime factors of 396.
2, 3, 11
List the prime factors of 9271.
73, 127
What are the prime factors of 6112?
2, 191
List the prime factors of 114687.
3, 12743
List the prime factors of 3039.
3, 1013
What are the prime factors of 3626?
2, 7, 37
What are the prime factors of 66623?
17, 3919
List the prime factors of 998.
2, 499
What are the prime factors of 749?
7, 107
List the prime factors of 33194.
2, 7, 2371
What are the prime factors of 2555?
5, 7, 73
What are the prime factors of 1025?
5, 41
What are the prime factors of 15667?
15667
List the prime factors of 26466.
2, 3, 11, 401
What are the prime factors of 487?
487
List the prime factors of 25247.
25247
List the prime factors of 7073.
11, 643
List the prime factors of 1069.
1069
What are the prime factors of 3664?
2, 229
List the prime factors of 5834.
2, 2917
List the prime factors of 907.
907
What are the prime factors of 11414?
2, 13, 439
List the prime factors of 511.
7, 73
What are the prime factors of 6442?
2, 3221
What are the prime factors of 661?
661
What are the prime factors of 18843?
3, 11, 571
What are the prime factors of 137718?
2, 3, 7, 1093
What are the prime factors of 103043?
103043
List the prime factors of 2040.
2, 3, 5, 17
List the prime factors of 7624.
2, 953
List the prime factors of 53638.
2, 13, 2063
List the prime factors of 4742.
2, 2371
List the prime factors of 859.
859
What are the prime factors of 1293?
3, 431
What are the prime factors of 139708?
2, 53, 659
List the prime factors of 1159.
19, 61
List the prime factors of 3788.
2, 947
What are the prime factors of 1548?
2, 3, 43
What are the prime factors of 142?
2, 71
What are the prime factors of 10651?
10651
What are the prime factors of 875?
5, 7
List the prime factors of 3501.
3, 389
What are the prime factors of 1103?
1103
What are the prime factors of 1010?
2, 5, 101
What are the prime factors of 38605?
5, 7, 1103
What are the prime factors of 33455?
5, 6691
List the prime factors of 15996.
2, 3, 31, 43
What are the prime factors of 26?
2, 13
What ar